121?
-22100
In base 4, what is -1 - 12303?
-12310
In base 16, what is -14 + -3?
-17
In base 5, what is -1 + 34?
33
In base 5, what is 3334 + -4?
3330
In base 7, what is 2 - 44?
-42
In base 6, what is -30 - 11?
-41
In base 13, what is 113cb + 1?
113cc
In base 9, what is -131 - 16?
-147
In base 3, what is -10 - 2122221?
-2200001
In base 2, what is -100101001110 - -1?
-100101001101
In base 3, what is -10200 + 0?
-10200
In base 3, what is -12210 - 10?
-12220
In base 4, what is -1300 + -3?
-1303
In base 9, what is 182 + -3?
178
In base 9, what is 3 - 32?
-28
In base 5, what is 4 - 13230?
-13221
In base 13, what is -16 - 5?
-1b
In base 9, what is 5 - 31?
-25
In base 11, what is 66 + 123?
189
In base 14, what is 1a + -d2?
-b6
In base 14, what is -35 + 9?
-2a
In base 2, what is -1000010 - 1010111?
-10011001
In base 7, what is 304 + 5?
312
In base 5, what is 4 - -13?
22
In base 11, what is -3 - -179?
176
In base 3, what is -1010 + -12?
-1022
In base 6, what is 230 + 4?
234
In base 11, what is -63 - -3?
-60
In base 13, what is -22 + 4?
-1b
In base 14, what is 5 - -10?
15
In base 14, what is 4 + -189c?
-1898
In base 2, what is 1111011110110 + -101?
1111011110001
In base 12, what is 6 + 38?
42
In base 8, what is 304 + 2?
306
In base 2, what is 10001 - -1000?
11001
In base 4, what is -1201 + 20?
-1121
In base 10, what is 35 + -1?
34
In base 16, what is 3aa + -5?
3a5
In base 12, what is -3a7 + -1?
-3a8
In base 7, what is -1 - 22?
-23
In base 13, what is -b2 + -1?
-b3
In base 4, what is 200 + -2221?
-2021
In base 10, what is -42 + -1?
-43
In base 2, what is 1110100 - 110?
1101110
In base 11, what is -16 + 1210?
11a5
In base 10, what is 0 + -310?
-310
In base 7, what is 5 - -34?
42
In base 12, what is -39 + 4?
-35
In base 6, what is 1401 + -3?
1354
In base 11, what is 5 + -32?
-28
In base 16, what is -c - -362?
356
In base 16, what is -1 - -e6?
e5
In base 10, what is 1 + 3282?
3283
In base 9, what is 385 - -41?
436
In base 4, what is 323 + -11?
312
In base 15, what is -b9 - -39?
-80
In base 11, what is 2567 + -5?
2562
In base 5, what is 3 + -33?
-30
In base 15, what is 10 - 5?
a
In base 7, what is -211 - 5?
-216
In base 3, what is -10 - -101?
21
In base 6, what is -2 - -3210?
3204
In base 13, what is -76 + -5?
-7b
In base 4, what is -22 + -1023?
-1111
In base 10, what is 1 + 356?
357
In base 16, what is 6 - d6?
-d0
In base 14, what is -1 - -147?
146
In base 11, what is -23 - 2?
-25
In base 14, what is -49 + a7?
5c
In base 10, what is 4 + 1811?
1815
In base 2, what is 100 + -10001111?
-10001011
In base 16, what is 4 - 91?
-8d
In base 13, what is 64 - 71?
-a
In base 13, what is -b1 + -5?
-b6
In base 9, what is -5 - 24?
-30
In base 11, what is -289 - 2?
-290
In base 15, what is -2 + -49?
-4b
In base 15, what is -1 + -926?
-927
In base 4, what is -312 - 131?
-1103
In base 4, what is 3 - 32?
-23
In base 3, what is 212 + -2121?
-1202
In base 15, what is -75 - 2?
-77
In base 15, what is -47 - -3?
-44
In base 15, what is -452 + -4?
-456
In base 12, what is 2 + 46?
48
In base 7, what is 1434 - 6?
1425
In base 13, what is 1127 - -1?
1128
In base 8, what is -304 + -17?
-323
In base 15, what is -3 - -e6?
e3
In base 2, what is 1001011 - -110?
1010001
In base 15, what is 9b - 3?
98
In base 13, what is -47 - -3?
-44
In base 5, what is -21 + 12?
-4
In base 12, what is 5114 + 3?
5117
In base 9, what is 16346 + 0?
16346
In base 7, what is -4 + -23044?
-23051
In base 10, what is 314 + 2?
316
In base 10, what is 195 + 5?
200
In base 4, what is 10 + -213?
-203
In base 4, what is -201 - -102?
-33
In base 15, what is 19 + 14?
2d
In base 8, what is 2361 + -14?
2345
In base 2, what is -10011110001001 + 101?
-10011110000100
In base 11, what is -3 + 67?
64
In base 3, what is 0 - 210?
-210
In base 6, what is 20 - -2023?
2043
In base 4, what is 33223 + 3?
33232
In base 14, what is -11 + 26?
15
In base 12, what is 574 + 0?
574
In base 5, what is -32 - -203?
121
In base 9, what is 2 - -1158?
1161
In base 10, what is 213 - -2?
215
In base 2, what is 1001000010011 + -100?
1001000001111
In base 2, what is -101 - 111000?
-111101
In base 11, what is -393 + 3?
-390
In base 2, what is 1101100010 - -11?
1101100101
In base 16, what is -a88 - 1?
-a89
In base 14, what is -56cd + 2?
-56cb
In base 6, what is -4 - 125?
-133
In base 10, what is -11 - 14?
-25
In base 2, what is 101 - -1010101?
1011010
In base 3, what is 102212 + -11?
102201
In base 2, what is 1011 - -1?
1100
In base 4, what is -10 - 2212?
-2222
In base 11, what is 778 - 6?
772
In base 7, what is 6 + 6?
15
In base 11, what is -395 - -5?
-390
In base 2, what is -11 + 1100111?
1100100
In base 15, what is -2 + 1089?
1087
In base 7, what is -446 - 16?
-465
In base 11, what is 1 + -1533?
-1532
In base 13, what is -91 - 3?
-94
In base 6, what is 5 - 240?
-231
In base 11, what is 1668 + 0?
1668
In base 4, what is -2 - -1002?
1000
In base 5, what is -1420 + 4?
-1411
In base 14, what is 0 + 53?
53
In base 15, what is 197 + -4?
193
In base 12, what is 14 - 21a?
-206
In base 12, what is -5 - 23b?
-244
In base 11, what is 6 + -21?
-16
In base 11, what is -456 + -a?
-465
In base 3, what is 10101 + -111?
2220
In base 2, what is 11011101000 - -10?
11011101010
In base 15, what is -2 + -10?
-12
In base 3, what is 10 - -1201000?
1201010
In base 15, what is -5 + cd6?
cd1
In base 8, what is -34 - 755?
-1011
In base 15, what is -9 - 28?
-32
In base 12, what is 1 - 22?
-21
In base 2, what is 10110001001 + -1?
10110001000
In base 14, what is ba3 + 4?
ba7
In base 15, what is -4 + -1e?
-23
In base 7, what is -114 + 50?
-34
In base 7, what is -11 - 655?
-666
In base 5, what is -4 - 112344?
-112403
In base 7, what is 13 + -516?
-503
In base 3, what is 2212000 + -2?
2211221
In base 5, what is -10 - 2332?
-2342
In base 4, what is 1100 + -101?
333
In base 5, what is 10 - 14331?
-14321
In base 12, what is 5b - 1?
5a
In base 15, what is 2 + 32?
34
In base 11, what is 657 - -2?
659
In base 7, what is -3 - -1524?
1521
In base 12, what is 5 + 47?
50
In base 5, what is 10 + -313?
-303
In base 9, what is 11 + -5?
5
In base 10, what is -147 + 3?
-144
In base 16, what is 0 - -dc?
dc
In base 13, what is 2a - -51?
7b
In base 7, what is 2 + -210?
-205
In base 15, what is 46 + -1?
45
In base 12, what is 0 - -99b?
99b
In base 7, what is 2 - 56?
-54
In base 5, what is -20212 + 12?
-20200
In base 12, what is 1515 + 5?
151a
In base 2, what is -10 + 110000?
101110
In base 16, what is -2f0 - 2?
-2f2
In base 5, what is -4 + -2101?
-2110
In base 14, what is 5a9 + 3?
5ac
In base 13, what is 7c - -16?
95
In base 15, what is -1c7 + 8?
-1be
In base 11, what is -33 + 5a?
27
In base 12, what is 4 - -44?
48
In base 14, what is -5 - 148?
-14d
In base 10, what is -8 + 19?
11
In base 11, what is -37 + -12?
-49
In base 9, what is 21 - -50?
71
In base 4, what is -3022 + -23?
-3111
In base 7, what is 3 + -41?
-35
In base 10, what is 368 - -7?
375
In base 4, what is -11 - -2100?
2023
In base 2, what is 101 + 1011011100?
1011100001
In base 11, what is -1 - -106?
105
In base 13, what is 3 - 65?
-62
In base 3, what is 0 + 22221102?
22221102
In base 15, what is 5c - 3?
59
In base 4, what is -22 + -21?
-103
In base 3, what is 20 + -1201?
-1111
In base 16, what is -12 + -73?
-85
In base 6, what is -20 - 131?
-151
In base 3, what is 121 + 10?
201
In base 5, what is 11430 + -3?
11422
In base 11, what is 160 - 13?
148
In base 15, what is 6 - -4c5?
4cb
In base 11, what is 5 + 2a5?
2aa
In base 15, what is -2 + 83?
81
In base 14, what is c - -3?
11
In base 9, what is 78 + 8?
87
In base 12, what is 1005 - 5?
1000
In base 5, what is -10 + 1402?
1342
In base 2, what is -101 + -101001101?
-101010010
In base 12, what is -2 + 81?
7b
In base 14, what is -c + -5?
-13
In base 16, what is 7 - 15c?
-155
In base 16, what is -4 + -26?
-2a
In base 14, what is -1188 - 0?
-1188
In base 3, what is 11 + -2221?
-2210
In base 5, what is 0 + 442?
442
In base 16, what is -4 - a5?
-a9
In base 12, what is 8 - -17?
23
In base 7, what is 4343 - 4?
4336
In base 15, what is -4 - -17?
13
In base 15, what is -12dc + 4?
-12d8
In base 3, what is 12 - -1022?
1111
In base 16, what is -6e - -2?
-6c
In base 3, what is -1101010 + 22?
-1100211
In base 7, what is -5 - -24?
16
In base 11, what is 2 + 103?
105
In base 16, what is -d17 + -5?
-d1c
In b